5. Let v(k) = -k**3 - 2*k + 11. Let x be v(0). Calculate the highest common factor of x and u.
11
Suppose 0 = -k + 4*c + 4 + 20, 0 = -3*k - 4*c + 152. What is the greatest common factor of 4 and k?
4
Let r = -10 + 14. Let s = -5 - -7. Suppose 5*b - 30 = s*n, -n + 0*n = 4*b - 37. What is the highest common factor of r and b?
4
Let c be (2 - (-8)/(-3))*69. Let j = -22 - c. What is the highest common divisor of j and 216?
24
Let r be 2/((16/38)/4). Let q = -36 - -55. Calculate the highest common divisor of r and q.
19
Suppose 4*x - 23 = 1. Let j be 64/x - (-4)/(-6). Suppose 5*y + 125 = 5*c, 0 = 3*y - 2*y + 5. What is the highest common divisor of c and j?
10
Suppose 7*l - 21 = 4*l. Let i = -156 + 233. Calculate the greatest common divisor of l and i.
7
Suppose 15 = f - 5*j, 3*f - 5*j - 15 = -2*f. Let z be 6/(-4)*(f + -2). Suppose y + z = 7. What is the greatest common factor of 32 and y?
4
Suppose -2*x + 0*x = -48. Suppose x = 2*i + 5*h - h, 0 = 4*h - 8. Calculate the highest common factor of i and 72.
8
Suppose 0*h + h + 24 = f, 95 = 4*f - 3*h. Suppose -l - 115 = -2*l. What is the highest common divisor of f and l?
23
Suppose 84 = -3*u + 435. What is the greatest common divisor of u and 13?
13
Let s be 7/(-5)*5/(-1). Suppose -c = -48 - 15. Calculate the greatest common factor of c and s.
7
Let u(p) = 30*p**3 - p**2 + p. Let i be u(1). Let z(h) = -h**3 + 10*h**2 - 8*h + 11. Let o be z(9). What is the greatest common divisor of i and o?
10
Suppose 0 = -4*b - 4*v + 784, -5*v + 64 + 520 = 3*b. Let m = 16 + -28. Let d = m - -30. Calculate the greatest common factor of d and b.
18
Let t(y) = 5*y**2 - 9 + 7*y**2 - 3*y**3 - 14*y + 4*y**3. Let z be t(-13). Let j be (-138)/(-8) - (-3)/z. What is the highest common divisor of 12 and j?
6
Suppose 0*k - 5*k = -25. Calculate the greatest common divisor of 20 and k.
5
Suppose -6*j + 4*j - 148 = -5*y, -4*j - 116 = -4*y. Calculate the greatest common divisor of y and 210.
30
Suppose 5*n - 20 = -5*s, 4*n - 3 - 7 = -s. Let v(c) = -4*c**2 - 1 - 2*c + 9*c**s - 2. Let w be v(-5). What is the greatest common divisor of w and 12?
12
Suppose j + j + 4 = 0. Let z be (17/j)/((-5)/50). Let i = z - 37. Calculate the highest common factor of i and 24.
24
Let i(n) = 18*n**2 + 6*n - 2. Let t(k) = k + 1. Let u(a) = i(a) - t(a). Let s be u(-3). Calculate the highest common divisor of 18 and s.
18
Suppose -4*s = -6*s + 8. Let d be 4 - (3/1 + -3). Calculate the highest common factor of s and d.
4
Let j(v) = -v + 15. Let b be j(8). Suppose 275 = -2*y + b*y. Let f = -16 + 38. What is the greatest common divisor of f and y?
11
Suppose 0 = 5*a + f - 101, 2*a - 5*a - 3*f + 63 = 0. Let p = 31 + -1. Suppose 0 = -l + 2*l - p. Calculate the highest common factor of l and a.
10
Suppose -7*b = -0*b - 140. Calculate the greatest common factor of b and 5.
5
Let o = 46 + -37. What is the greatest common factor of o and 12?
3
Let p = 6 - -18. Suppose 2*l = -a + 62, -4*a = l - 213 - 28. Calculate the highest common divisor of p and a.
12
Let i be (-40)/(-5) + -2 + 6. Let p = 15 - -9. What is the highest common factor of i and p?
12
Let v(w) = 2*w - 2*w**3 + 2*w**3 - 4*w**2 - 4 + 2*w**3. Suppose -4*a + 9 = -a. Let p be v(a). Calculate the greatest common divisor of p and 50.
10
Suppose 3*m = -23 - 16. Let g = m + 19. Suppose -2*o - i = 3*o - 11, 2*i - g = -2*o. What is the greatest common factor of 14 and o?
2
Suppose 16 = 2*a - a. Let v(f) = f - 1. Let z be v(6). Suppose 0*m - 10 = -z*m. Calculate the highest common factor of m and a.
2
Let l be (-1 - -1)/(4 - 6). Suppose 0 = -l*w + 3*w - 6. Calculate the highest common factor of 10 and w.
2
Let w = 13 - 8. Suppose -19 = -j + 3*x - 5, -w*x - 10 = -j. Let i be 3/(1 - (-1)/(-4)). What is the highest common divisor of j and i?
4
Let w = -15 - -31. Let m = 227 + -83. Calculate the greatest common factor of m and w.
16
Suppose -3*x + 2*x = 0. Suppose x = -5*q + 25, 3*h = 4*h - 4*q + 12. Let s(o) = -5*o**3 - 1. Let v be s(-1). What is the greatest common factor of h and v?
4
Let r be 1*5 + (95 - 15). What is the greatest common divisor of r and 5?
5
Let f = -3 - -10. Suppose l - 4*l = 3*y - 12, 0 = y + 3*l + 2. What is the greatest common divisor of f and y?
7
Suppose u - o = 1, u - o = -u + 2. Calculate the greatest common divisor of 5 and u.
1
Let s(y) = -y + 3. Let q be s(-10). Suppose 52 = 3*j - 2*z, -3*z - q - 2 = 0. Calculate the highest common divisor of 14 and j.
14
Let x = 38 + -18. Let b be x/4*(-45)/(-25). What is the highest common divisor of b and 27?
9
Let b be (20/6)/(8/36). What is the highest common factor of b and 165?
15
Suppose i + 2*a - 7 = 0, 0 = 4*i - 3*a - 41 - 20. Calculate the highest common divisor of i and 104.
13
Suppose 6 + 3 = -3*c, k = -3*c + 5. What is the greatest common divisor of 91 and k?
7
Let v(f) = -4*f - 10. Let p be v(-8). What is the greatest common divisor of 242 and p?
22
Let b = -1 - -5. Suppose b*k - 134 - 2 = 0. Suppose 2*r + 10 = k. What is the highest common factor of 24 and r?
12
Let u be (-6)/4*(-40)/12. What is the highest common factor of u and 1?
1
Let g = -63 + 273. Let z = g + -122. What is the highest common factor of 8 and z?
8
Suppose -3*w - 1 = -4. Suppose 2*a - 4*i - 36 = -a, 2*i - 10 = -2*a. Calculate the highest common factor of w and a.
1
Let l(z) = -z**3 - 5*z**2 + 7*z + 5. Let b be l(-7). Suppose 0 = -4*p + 3*a + 112 + 20, 0 = 5*p - a - 176. What is the greatest common divisor of p and b?
18
Let z(t) = 24*t**3 + t**2 - 2*t + 1. Let v be z(1). Let q(f) = f - f**3 + 0 - 2 + 0 + 2*f**2. Let w be q(-2). What is the greatest common factor of w and v?
12
Let h = 5 + -1. Suppose 0 = -2*y - 0*y + h. Let v = 11 - 9. What is the highest common factor of v and y?
2
Suppose -k - 2*b + 30 = b, -k = 5*b - 40. Suppose -9*n = -7*n. Suppose -4*q = -n*q - 60. What is the greatest common factor of k and q?
15
Let i(c) = -c**3 - 12*c**2 - 10*c + 14. Let a be i(-11). Let d be (-1)/a - 572/(-33). What is the greatest common divisor of 170 and d?
17
Suppose -4*p = 2*j + 4, 0 = 3*j - 6*j - 3*p. Suppose -5*b + 54 = -j*b. Let d be (56/10)/((-2)/(-45)). What is the greatest common factor of d and b?
18
Suppose x - 3*v - 12 = 0, 4*x + 2*v + 2*v = 0. Let p = x + -3. Suppose p = -o + 86 - 23. What is the highest common factor of 9 and o?
9
Let s = 0 + 2. Suppose -8 = s*d - 32. Let b = 279 + -171. What is the greatest common factor of d and b?
12
Let c = 719 - 1109. Suppose -7*h = -2*h - 15. Let t be c/(-18) - 2/h. What is the greatest common factor of 84 and t?
21
Let m be (-3)/6*(-4 + 0). What is the highest common factor of m and 18?
2
Suppose 0 = 15*m - 280 - 50. What is the highest common factor of m and 286?
22
Let p(k) = -k**3 + 9*k**2 - 6*k - 11. Let f be p(8). Let b = -8 + 6. Let z be f/b*12/(-10). What is the greatest common factor of 24 and z?
3
Suppose x - 5 = -3. Suppose -4*n = d - x*n - 1, -4*n = -2*d + 34. What is the greatest common factor of 6 and d?
3
Suppose 18 = g - 0*g. Let o be ((-18)/27)/((-2)/g). What is the greatest common factor of 3 and o?
3
Let w be 3/((-2)/1 - -3). Suppose b = 2, 4*f + w*b = -f + 186. Calculate the highest common divisor of f and 4.
4
Let g be (-2 + (1 - 1))*-3. Suppose 4*k + 0*k + 5 = -i, -2*k + 8 = 4*i. Calculate the greatest common divisor of i and g.
3
Suppose 4*a = -5*j + 32, 2*a + 14 = 2*j + 4*a. Let f be 7/3 + (-2)/6. Calculate the highest common factor of f and j.
2
Suppose 0 = -5*k + 9*k - 60. What is the greatest common divisor of 135 and k?
15
Let q(d) = 2*d**2 - 1. Let o be q(-2). Suppose -3*m - 2*n + 164 = 0, -4*m = -5*n - 111 - 123. What is the greatest common factor of o and m?
7
Let b = 5 + 19. What is the highest common divisor of 18 and b?
6
Let y be (-249)/(-15) - (-4)/10. Calculate the greatest common factor of y and 17.
17
Let j be 3*(-16)/60*-5. What is the highest common factor of 1 and j?
1
Let m be -3*((-30)/9 - 2). Let t = m + -6. Suppose -9*n + 13*n - 360 = 0. Calculate the greatest common divisor of n and t.
10
Suppose -x = -0*x. Suppose -q + 5*j + 30 = 0, -j = -q - x*j + 10. Calculate the highest common divisor of q and 35.
5
Let w be (-12)/9*(-3)/1. Suppose 0 = c - w*z + 15, 2*z + 4 = 3*z. Let d be 28/(-6)*6/(-4). Calculate the highest common factor of d and c.
1
Let t(o) = o + 10. Let w